es 8 divide 7496?
True
Is 468 a multiple of 18?
True
Does 10 divide 1120?
True
Does 24 divide 3984?
True
Is 56 a factor of 4592?
True
Is 8569 a multiple of 11?
True
Is 16 even?
True
Does 13 divide 4899?
False
Is 3895 a multiple of 22?
False
Does 7 divide 182?
True
Is 578 a multiple of 33?
False
Is 14 a factor of 123408?
False
Is 5762 a multiple of 20?
False
Is 1176 a multiple of 78?
False
Is 1045 a multiple of 7?
False
Is 19 a factor of 127?
False
Is 7 a factor of 1535?
False
Is 35955 a multiple of 47?
True
Is 21372 a multiple of 26?
True
Is 15 a factor of 12257?
False
Does 4 divide 2489?
False
Is 5 a factor of 259?
False
Does 28 divide 504?
True
Is 10 a factor of 287?
False
Is 61 a multiple of 8?
False
Is 1632 a multiple of 37?
False
Is 5258 a multiple of 22?
True
Is 2989 a multiple of 7?
True
Is 6381 a multiple of 9?
True
Is 660 a multiple of 36?
False
Is 5 a factor of 49?
False
Is 8646 a multiple of 131?
True
Does 5 divide 120?
True
Does 7 divide 511?
True
Is 56818 a multiple of 23?
False
Is 2923 a multiple of 63?
False
Is 118 a factor of 3068?
True
Is 4 a factor of 860?
True
Does 27 divide 81?
True
Is 67 a factor of 5516?
False
Is 10 a factor of 1757?
False
Is 154 a factor of 12456?
False
Is 1332 a multiple of 9?
True
Is 67 a factor of 41071?
True
Is 131 a factor of 82753?
False
Is 146 a multiple of 6?
False
Is 1963 a multiple of 24?
False
Does 8 divide 728?
True
Is 963 a multiple of 24?
False
Is 14 a factor of 5360?
False
Does 63 divide 30051?
True
Is 34 a factor of 2260?
False
Is 58 a factor of 12412?
True
Does 194 divide 6014?
True
Is 18 a factor of 20117?
False
Is 3 a factor of 20642?
False
Does 13 divide 12672?
False
Is 1120 a multiple of 11?
False
Is 18085 a multiple of 80?
False
Is 21 a factor of 351?
False
Does 2 divide 196?
True
Is 16 a factor of 176?
True
Is 6 a factor of 644?
False
Does 45 divide 1341?
False
Does 11 divide 627?
True
Is 5 a factor of 118?
False
Does 22 divide 1760?
True
Is 2714 a multiple of 23?
True
Is 2112 a multiple of 22?
True
Does 2 divide 8230?
True
Does 10 divide 920?
True
Does 314 divide 62486?
True
Is 8 a factor of 1184?
True
Does 31 divide 372?
True
Is 33 a factor of 195?
False
Is 9035 a multiple of 22?
False
Does 14 divide 22624?
True
Is 13302 a multiple of 6?
True
Is 21 a factor of 210?
True
Is 9 a factor of 63?
True
Does 33 divide 24288?
True
Is 5964 a multiple of 42?
True
Is 28848 a multiple of 12?
True
Is 1353 a multiple of 33?
True
Is 43 a factor of 3669?
False
Does 5 divide 385?
True
Is 3777 a multiple of 19?
False
Is 27 a factor of 6750?
True
Is 108640 a multiple of 10?
True
Does 68 divide 124372?
True
Does 15 divide 8595?
True
Is 59 a factor of 1711?
True
Is 4 a factor of 7395?
False
Is 4 a factor of 40?
True
Is 2736 a multiple of 48?
True
Is 671 a multiple of 11?
True
Is 14 a factor of 3651?
False
Is 4715 a multiple of 28?
False
Is 6 a factor of 468?
True
Does 21 divide 10920?
True
Is 451 a multiple of 39?
False
Is 10 a factor of 120?
True
Does 13 divide 91?
True
Does 52 divide 16276?
True
Is 38364 a multiple of 211?
False
Does 20 divide 1488?
False
Is 14742 a multiple of 26?
True
Is 105 a factor of 3852?
False
Is 1848 even?
True
Is 13 a factor of 4095?
True
Is 406 a multiple of 52?
False
Is 64424 a multiple of 18?
False
Does 120 divide 1800?
True
Is 2643 a multiple of 16?
False
Is 6 a factor of 1830?
True
Is 153 a multiple of 17?
True
Is 61236 a multiple of 81?
True
Is 61 a factor of 7461?
False
Is 1945 a multiple of 81?
False
Is 650 a multiple of 50?
True
Does 66 divide 5874?
True
Does 63 divide 28513?
False
Does 3 divide 2214?
True
Is 15960 a multiple of 8?
True
Is 26 a factor of 9932?
True
Does 86 divide 86?
True
Is 770 a multiple of 70?
True
Does 11 divide 811?
False
Does 11 divide 419?
False
Does 9 divide 2664?
True
Is 78 a factor of 15265?
False
Is 134 a factor of 13936?
True
Is 3 a factor of 261?
True
Is 23 a factor of 2116?
True
Does 193 divide 23160?
True
Is 22 a factor of 2175?
False
Is 25 a factor of 4569?
False
Is 9 a factor of 846?
True
Is 15 a factor of 120?
True
Does 25 divide 4550?
True
Is 18 a factor of 4171?
False
Is 375 a multiple of 7?
False
Is 70 a factor of 562?
False
Is 662 a multiple of 74?
False
Is 21235 a multiple of 18?
False
Is 56 a factor of 3571?
False
Is 23686 a multiple of 53?
False
Is 811 a multiple of 30?
False
Does 8 divide 2921?
False
Is 15 a factor of 675?
True
Does 26 divide 126438?
True
Is 7680 a multiple of 40?
True
Is 49 a factor of 6125?
True
Is 69 a factor of 522?
False
Is 7181 a multiple of 52?
False
Is 14 a factor of 3724?
True
Is 792 a multiple of 12?
True
Does 14 divide 3040?
False
Is 4193 a multiple of 9?
False
Is 105280 a multiple of 28?
True
Is 2 a factor of 4082?
True
Is 5868 a multiple of 6?
True
Does 3 divide 2199?
True
Is 4 a factor of 428?
True
Does 63 divide 2013?
False
Does 24 divide 816?
True
Does 27 divide 3032?
False
Is 9488 a multiple of 69?
False
Does 12 divide 2795?
False
Does 12 divide 50992?
False
Is 9149 a multiple of 134?
False
Is 6647 a multiple of 192?
False
Is 4738 a multiple of 52?
False
Does 32 divide 2748?
False
Is 48 a factor of 44880?
True
Is 18 a factor of 16452?
True
Does 24 divide 5909?
False
Is 14 a factor of 44492?
True
Does 8 divide 168?
True
Does 16 divide 27360?
True
Is 15 a factor of 841?
False
Does 11 divide 7963?
False
Does 10 divide 1780?
True
Is 13 a factor of 1094?
False
Is 8 a factor of 2368?
True
Is 127 a factor of 12580?
False
Is 238 a multiple of 15?
False
Is 710 even?
True
Is 10 a factor of 194?
False
Does 43 divide 5395?
False
Does 22 divide 374?
True
Is 15 a factor of 12435?
True
Is 4293 a multiple of 5?
False
Is 960 a multiple of 64?
True
Does 19 divide 1696?
False
Does 107 divide 31500?
False
Is 1000 a multiple of 3?
False
Does 17 divide 106?
False
Is 384 a multiple of 9?
False
Does 50 divide 1123?
False
Is 32 a factor of 2048?
True
Does 13 divide 39776?
False
Is 3 a factor of 441?
True
Is 28 a multiple of 28?
True
Does 37 divide 111?
True
Does 13 divide 3856?
False
Is 930 a multiple of 9?
False
Is 476 a multiple of 39?
False
Is 86 a factor of 375?
False
Is 54696 a multiple of 258?
True
Is 2522 a multiple of 75?
False
Does 6 divide 2154?
True
Is 31 a factor of 17871?
False
Is 7 a factor of 219?
False
Is 1521 a multiple of 7?
False
Is 16 a factor of 3252?
False
Is 56 a factor of 18144?
True
Is 101 a factor of 4201?
False
Is 67 a factor of 51231?
False
Does 21 divide 11062?
False
Is 17988 a multiple of 9?
False
Is 27362 a multiple of 29?
False
Does 3 divide 1069?
False
Does 18 divide 31842?
True
Is 1183 a multiple of 13?
True
Is 24 a factor of 2232?
True
Does 13 divide 1714?
False
Is 9398 a multiple of 78?
False
Is 198 a multiple of 9?
True
Does 48 divide 7386?
False
Is 36400 a multiple of 140?
True
Is 1782 a multiple of 7?
False
Is 15096 a multiple of 8?
True
Does 11 divide 341?
True
Is 396 a multiple of 36?
True
Is 47389 a multiple of 178?
False
Is 34 a factor of 43248?
True
Is 8 a factor of 4632?
True
Is 2 a factor of 180?
True
Does 13 divide 1534?
True
Is 1997 a multiple of 4?
False
Does 30 divide 630?
True
Does 42 divide 1843?
False
Is 1166 a multiple of 94?
False
Is 5 a factor of 4455?
True
Does 72 divide 42768?
True
Is 4665 a multiple of 15?
True
Does 15 divide 115610?
False
Is 3 a factor of 1099?
False
Does 13 divide 1238?
False
Is 1694 a multiple of 22?
True
Is 472 a multiple of 10?
False
Is 17 a factor of 4630?
False
Is 24 a factor of 37926?
False
Is 181 a multiple of 9?
False
Does 33 divide 71040?
False
Is 21 a factor of 2667?
True
Does 18 divide 540?
True
Does 44 divide 25587?
False
Is 9460 a multiple of 86?
True
Does 70 divide 210?
True
Is 14 a factor of 3337?
False
Does 43 divide 2580?
True
Does 27 divide 243?
True
Is 67 a factor of 18669?
False
Is 4540 a multiple of 31?
False
Is 6 a factor of 6918?
True
Is 3 a factor of 1404?
True
Is 30944 a multiple of 119?
False
Is 1591 a multiple of 2?
False
Is 1131 a multiple of 39?
True
Is 13144 a multiple of 55?
False
Does 33 divide 6678?
False
Is 100356 a multiple of 141?
False
Is 228 a multiple of 38?
True
Is 5 a factor of 1065?
True
Is 1310 a multiple of 10?
True
Is 22 a factor of 880?
True
Is 18 a factor of 2587?
False
Does 134 divide 3156?
False
Does 10 divide 720?
True
Is 62 even?
True
Is 19641 a multiple of 194?
False
Is 6 a factor 